 3, what is 11010 + -1202001?
-1120221
In base 5, what is 1201442 + -2?
1201440
In base 8, what is 47776 - -26?
50024
In base 14, what is 10 - -14bc3?
14bd3
In base 12, what is b3 + 2b?
122
In base 12, what is 141683 - -5?
141688
In base 14, what is -256 - -3bc?
166
In base 14, what is 3d2 + 30?
422
In base 12, what is -15565 - -3?
-15562
In base 15, what is 4e + -1b51b?
-1b4bc
In base 4, what is -323023 + -32?
-323121
In base 4, what is 10 + -21003002?
-21002332
In base 10, what is 122881 + -5?
122876
In base 13, what is -3c6b - -472?
-37c9
In base 4, what is 313322 - -121?
320103
In base 2, what is 11110 + -1110111011100?
-1110110111110
In base 15, what is a83db + 2?
a83dd
In base 2, what is -1110 - -1010000111110?
1010000110000
In base 15, what is 31e - -2c?
34b
In base 10, what is 14657 + 2?
14659
In base 5, what is -310 - 12011?
-12321
In base 15, what is -111db3 - -2?
-111db1
In base 15, what is 2 + -2ad18?
-2ad16
In base 11, what is 5118a + -3?
51187
In base 11, what is -9a2 + a?
-993
In base 3, what is -212201002 - -2?
-212201000
In base 11, what is 4 + 6a857?
6a860
In base 5, what is -3 + -202211?
-202214
In base 15, what is 117 - -4cc?
5e4
In base 4, what is -1233313102 + -1?
-1233313103
In base 6, what is 1320054 - 13?
1320041
In base 11, what is 24 - -491?
505
In base 9, what is 46 + 2563?
2620
In base 8, what is 5 + 225533?
225540
In base 14, what is 501 - -5a9?
aaa
In base 13, what is 1c9c8 - -1?
1c9c9
In base 13, what is 1 + -664b6?
-664b5
In base 4, what is -100220330 + -2?
-100220332
In base 10, what is 20 + 96989?
97009
In base 3, what is 110 - -1121101100?
1121101210
In base 12, what is 179 + -49?
130
In base 7, what is 1613400 + 0?
1613400
In base 5, what is 312 - 2442?
-2130
In base 12, what is -128b - 2?
-1291
In base 16, what is -5 + -5cf6b?
-5cf70
In base 7, what is -2365 - -6?
-2356
In base 16, what is -15 - f4a?
-f5f
In base 16, what is 1 - 2bc6?
-2bc5
In base 7, what is -14 + -6244?
-6261
In base 11, what is 165788 - -3?
165790
In base 3, what is 21 - -201200020?
201200111
In base 2, what is -101 - -10011010010?
10011001101
In base 2, what is 101 + -100011001111?
-100011001010
In base 9, what is 11370 - 24?
11345
In base 4, what is -220 + 113121?
112301
In base 16, what is 330 - -149?
479
In base 10, what is -25171 - -13?
-25158
In base 16, what is -377e - 2?
-3780
In base 7, what is -1261 + -11361?
-12652
In base 7, what is -203 - 346643?
-350146
In base 11, what is -2911 - -54?
-2868
In base 16, what is 653f3 - 1?
653f2
In base 11, what is -2 - 9653?
-9655
In base 5, what is 230331212 + 2?
230331214
In base 3, what is -100220 + -121202?
-222122
In base 16, what is 3 - 8b492?
-8b48f
In base 8, what is -10 + 21741?
21731
In base 6, what is -1 + -141314?
-141315
In base 2, what is 10011111110101110 - 11?
10011111110101011
In base 8, what is 17467 + 4?
17473
In base 13, what is 301bc - 1?
301bb
In base 5, what is 131102 + -121?
130431
In base 9, what is -1 - -213812?
213811
In base 15, what is -3 - 56657?
-5665a
In base 4, what is 233032 + -20223?
212203
In base 12, what is 23 - 181?
-15a
In base 8, what is 510 + -620?
-110
In base 7, what is -4112 + 25?
-4054
In base 7, what is 1513 + -412?
1101
In base 4, what is -202330010 + 11?
-202323333
In base 16, what is ae - 38?
76
In base 10, what is -4 + 306724?
306720
In base 8, what is 125 - 5027?
-4702
In base 6, what is -524023 + -4?
-524031
In base 16, what is -2a - -d3?
a9
In base 2, what is 1000001110101 - 1101010?
1000000001011
In base 11, what is -7 + 7762?
7756
In base 12, what is 86 + -36ba?
-3634
In base 11, what is 1 - -20264?
20265
In base 11, what is 3 - 8366?
-8363
In base 11, what is 0 - 105362?
-105362
In base 9, what is 6 + 134333?
134340
In base 16, what is 651b1 + -5?
651ac
In base 10, what is -26 + 473?
447
In base 3, what is 20110 - 200202?
-110022
In base 3, what is -1111011211 + 0?
-1111011211
In base 10, what is 826 + 0?
826
In base 4, what is -1301011 - -1203?
-1233202
In base 6, what is 10353143 + 2?
10353145
In base 2, what is -101000000011 + -10110?
-101000011001
In base 6, what is -3345020 + -2?
-3345022
In base 15, what is 11a - 7?
113
In base 16, what is 2 + 1a2c7?
1a2c9
In base 4, what is 10232 + -21?
10211
In base 4, what is -12100000113 - -2?
-12100000111
In base 8, what is 3003 + 62?
3065
In base 6, what is 130 - -1112?
1242
In base 10, what is -32979 + 3?
-32976
In base 8, what is -2131133 - 0?
-2131133
In base 11, what is 6 + a011?
a017
In base 8, what is 0 - 141115?
-141115
In base 6, what is 2 - -2155035?
2155041
In base 15, what is 74 - -4a2?
526
In base 13, what is 2819a + 0?
2819a
In base 2, what is 11 + -1101001100100011111?
-1101001100100011100
In base 12, what is 34 + 31b3?
3227
In base 6, what is 131350 - -1?
131351
In base 10, what is -5 + -15838?
-15843
In base 3, what is -111212 + 120012?
1100
In base 3, what is 1121 + -2021212122?
-2021211001
In base 14, what is -6a - c6?
-152
In base 11, what is -5 + -76813?
-76818
In base 2, what is -110000001 + -100010000100?
-101000000101
In base 2, what is -11 - -1011101101010111?
1011101101010100
In base 16, what is -17a - b9f?
-d19
In base 16, what is 430 + -a?
426
In base 3, what is 202 + 12221112?
12222021
In base 14, what is 1a96b8 + 5?
1a96bd
In base 5, what is -13333 - -113?
-13220
In base 16, what is -3 - -3a2a?
3a27
In base 16, what is 11187 + -b?
1117c
In base 9, what is 1 - -22177?
22178
In base 11, what is -13a + -618?
-757
In base 14, what is 1b + -67b?
-660
In base 3, what is -22 - 112110021?
-112110120
In base 11, what is -23876 - -4?
-23872
In base 15, what is -4 + 3772?
376d
In base 12, what is 384 + -148?
238
In base 15, what is 40 + -7e4d?
-7e0d
In base 8, what is -742701 + 4?
-742675
In base 12, what is -62775 - 5?
-6277a
In base 15, what is 1ea + 1b?
216
In base 13, what is -8b5 - -11?
-8a4
In base 9, what is -3660 - 4?
-3664
In base 6, what is -3 + 10334530?
10334523
In base 9, what is -20 + 43774?
43754
In base 8, what is 0 + 6330545?
6330545
In base 7, what is 12 + 35302?
35314
In base 16, what is 5 + -6867?
-6862
In base 12, what is 39015 - -1?
39016
In base 2, what is 110000001111100011011 + -11?
110000001111100011000
In base 13, what is 1ca1 - 48?
1c56
In base 4, what is 33023 + -123321?
-30232
In base 5, what is -104211 - -3?
-104203
In base 5, what is -240030 - 0?
-240030
In base 10, what is 0 + 2172?
2172
In base 5, what is -1123203 - 443?
-1124201
In base 8, what is -10342456 - 5?
-10342463
In base 5, what is -22002330 - -3?
-22002322
In base 15, what is 33ec + 21?
341d
In base 5, what is -34 + -114400?
-114434
In base 6, what is 155435 - -142?
200021
In base 7, what is 144053 + -2?
144051
In base 7, what is 14 + 616552?
616566
In base 8, what is -1 - -51317?
51316
In base 9, what is 22432 + 5?
22437
In base 11, what is -1220 - -432?
-899
In base 6, what is -12323 + 1304?
-11015
In base 6, what is -45455 - 1242?
-51141
In base 5, what is 10 - 400401?
-400341
In base 16, what is 2 - 22b9?
-22b7
In base 16, what is bd - 49?
74
In base 6, what is 1010243 - -3?
1010250
In base 16, what is -5 - -5c70?
5c6b
In base 13, what is -b22a + 4?
-b226
In base 7, what is -1 + 5000?
4666
In base 13, what is -4884 - -25?
-485c
In base 9, what is 7 + 1404?
1412
In base 12, what is -7159 + 32?
-7127
In base 5, what is -2003 - 22032?
-24040
In base 11, what is -8 - 655084?
-655091
In base 3, what is -1000 - 201202022?
-201210022
In base 10, what is -5 + 56701?
56696
In base 9, what is 20271 - -3?
20274
In base 16, what is -4 + 242?
23e
In base 9, what is 8 - -180270?
180278
In base 3, what is -1 + 1222220220220?
1222220220212
In base 5, what is -242243 - 0?
-242243
In base 3, what is -1212100 - 12022?
-2001122
In base 11, what is 454a84 + -8?
454a77
In base 8, what is 2 + 504365?
504367
In base 4, what is -13303 - 2032?
-22001
In base 9, what is 211800 + -3?
211786
In base 10, what is 114 - -3202?
3316
In base 10, what is 154 + 57?
211
In base 16, what is 588 - 1d2?
3b6
In base 6, what is -532 + 10?
-522
In base 9, what is -40828 - -3?
-40825
In base 4, what is -3 + 2123110322?
2123110313
In base 7, what is -4 - 300624?
-300631
In base 3, what is 2 - 20202100210?
-20202100201
In base 14, what is 30697 - -9?
306a2
In base 11, what is 1 - -1280a?
12810
In base 8, what is 